ive of -z**7/2520 - z**6/144 - z**5/120 - z**4/12 - 4*z**2. Let r(g) be the second derivative of l(g). Determine r(-5).
-1
Let v(d) = d**3 - 4*d**2 + 4*d - 3. Let y be 32/3 + 2/(-3). Suppose -k - y + 4 = 0. Let b be (2/k)/(1/(-6)). Determine v(b).
-3
Let r(u) = u**3 - 11*u**2 + 5*u + 10. Let y(k) = -23*k**2 + 12 + 10*k + 7 + 1 + 2*k**3 + 2*k**2. Let f(z) = -5*r(z) + 3*y(z). Give f(7).
-4
Let d(o) = o**2 + 7*o + 2. Let t = -6 + 3. Let s(w) = 2*w. Let q be s(t). Calculate d(q).
-4
Let k(d) = -d - d**3 - d - 5*d**2 + 0 - 3. Let t(w) be the third derivative of -w**6/24 - w**5/60 + w**4/24 - 3*w**2. Let z be t(1). Calculate k(z).
7
Let u(k) = -k**2 - 2*k - 3. Let f be ((-9)/(-4))/(6/24). Let m = f - 12. Calculate u(m).
-6
Let l(s) = -s**3 - 6*s**2 - 2*s - 9. Let u(h) = h**3 + 6*h**2 + 2*h + 9. Let y(q) = 3*l(q) + 4*u(q). What is y(-6)?
-3
Let q(j) = -j + 5*j**2 - 4*j**2 - 30 + 27. Give q(3).
3
Let c(i) = -3 + i - 5*i + 2*i + 10*i - i**2. Determine c(7).
4
Let f = -8 + 17. Suppose 0 = f*a - 4*a. Let d(r) = -r**2 - 4. What is d(a)?
-4
Let j(k) = -4*k**2 - 13*k**3 + 3 - 8*k**3 + 22*k**3 + 0*k**2. What is j(3)?
-6
Suppose r = -3*j + 4, -j - 16 = -4*r - 0*j. Let y(o) = -1. Let q(i) = i - 11. Let b(h) = -q(h) + 4*y(h). Determine b(r).
3
Let f(d) be the third derivative of -1/4*d**4 + 2/3*d**3 + 1/60*d**5 + 4*d**2 + 0*d + 0. Calculate f(4).
-4
Let z(m) be the second derivative of m**3/6 + m**2 + m. Let s be z(-4). Let j be s - (2 - 2 - 1). Let k(a) = -10*a**2 - 2*a - 1. Give k(j).
-9
Let t(d) = 7*d**2 + 5 - 6*d - d**3 - 5. Let c be t(6). Let k(g) = 4*g**2 - 4*g + 12. Let h(a) = 5*a**2 - 5*a + 13. Let j(i) = -5*h(i) + 6*k(i). Calculate j(c).
7
Let y(x) be the third derivative of -x**8/6720 - x**7/504 - x**6/180 - x**5/40 + x**4/4 - x**2. Let q(f) be the second derivative of y(f). Give q(-4).
-3
Let c(y) = -y**3 - 7*y**2 + y + 5. Let g(a) = -a**3 - 7*a**2 + 3*a + 4. Let l(s) = -s. Let v(z) = -g(z) - 3*l(z). Let x(w) = 5*c(w) + 6*v(w). Give x(-6).
7
Suppose 0 = 5*j - 3*y - 22, -2*j + j + 4*y + 1 = 0. Let o be 3/(((-30)/4)/j). Let x be 0*(2 + o/2). Let w(p) = p + 4. Give w(x).
4
Let t(x) be the third derivative of -x**5/60 - 5*x**4/24 + 5*x**3/6 - 2*x**2. Suppose 0 = -2*d - 5*q + 7, -1 = -2*d - q + 2. Suppose d = c + 6. Give t(c).
5
Let o be (-6)/(-30) + 4/5. Suppose d - 4 = o. Suppose -4*f = -2*s - 28, 5*f - d*s = f + 34. Let i(v) = v - 11. Give i(f).
-5
Let z = -5 + 5. Suppose z = -5*p + 4*s + 27, p + 0*p = -3*s - 6. Let x(y) be the third derivative of y**4/8 + 3*y**2. Give x(p).
9
Let g be (-10 + 4)/(-1 - -2). Let m(y) = -y**2 - 7*y - 5. What is m(g)?
1
Let x(u) = 0 - u**3 + 11*u**2 - 9*u**2 + 1 + u - 2. What is x(-2)?
13
Let r(m) = -11*m**3 - m**2 + 1. Suppose 3*q = -4*x + 8, 3*x = 4*x - q + 5. Give r(x).
11
Let p = 3 + -1. Let r(k) = 6*k + 5*k**3 + 4*k**2 + p - 3*k**3 - 3*k**3. Give r(5).
7
Let b(t) = -t**3 + 11*t**2 + t - 9. Suppose 0*g - 9 = -n + g, 3*n + 5*g - 43 = 0. Let u be b(n). Let r(l) = -2*l**2 + 4*l - 3. What is r(u)?
-3
Let x(r) = -r**2 + 7*r + 2. Let q be x(7). Suppose -5*s + 2*o = -3 - 0, q*s - 3*o = -1. Let f(l) = 4*l - 4*l**2 + 0*l - 3*l. Determine f(s).
-3
Let u(w) = w**2 - 2*w - 1. Let p = -1 - -1. Let r = -3 + p. Let b = 5 + r. What is u(b)?
-1
Let r(y) = 0*y - 4*y**2 - y - 2*y - 3. What is r(-2)?
-13
Let z(o) = -o - 1. Let p be z(3). Let v(t) = 0*t - 3 + t + 1. Calculate v(p).
-6
Let t(n) = -7*n**2 + n - 1. Let c be -1*1*0/(-4). Suppose c = 7*h - 2*h - 5. Give t(h).
-7
Let u(w) = -5*w. Suppose 0 = -2*q - 2*q - x + 95, 5*x + 77 = 4*q. Let o = q - 22. Determine u(o).
-5
Suppose o = 4*s + 5, s + 3 = 3*o - 1. Let w(k) = 8*k**3 + k**2 + 2*k + 1. Give w(s).
-8
Let w(q) = -q**2 + 7*q - 5. Suppose 2*r - 1 = 4*v + 7, -v - 16 = -4*r. Calculate w(r).
7
Let r = -43 + 39. Let m(a) = -a - 8. Calculate m(r).
-4
Let b(q) = -2*q**2 - 4*q - 3. Let r(c) = -1. Let y(k) = -b(k) + 4*r(k). Calculate y(-4).
15
Let n(y) = -5*y**3 + 13*y**2 + 2*y + 1. Let h(w) = -3*w**3 + 7*w**2 + w. Let q(x) = 7*h(x) - 4*n(x). What is q(-3)?
-1
Let h be (-2)/(-9) - 60/27. Let m(d) be the first derivative of -d**4/4 - d**3 - 3*d**2/2 - 2*d - 10. Give m(h).
0
Suppose 0 = -j - 3*j - 8. Let c = 1 - j. Let o(n) = -3*n + 4. Let d(g) = -5*g + 7. Let v(x) = -6*d(x) + 11*o(x). What is v(c)?
-7
Let b(c) = 7*c**2 - 11*c + 4. Let i(t) = -11*t**2 + 17*t - 6. Suppose 0*p + 2*p + 16 = 0. Let d(a) = p*b(a) - 5*i(a). What is d(2)?
0
Let o = -2 + 4. Suppose 0 = o*w - 2*i - i - 2, -3*i - 6 = 0. Let n(z) = -3*z**2 - z + 5. Let a(s) = s**2 - 2. Let q(j) = -5*a(j) - 2*n(j). Determine q(w).
0
Let n(r) be the third derivative of r**5/60 - r**4/4 - 2*r**3/3 - 6*r**2. Give n(6).
-4
Let b(g) = -2*g. Let q(h) = 2*h - 4. Let j be q(3). Let d be b(j). Let c(i) be the second derivative of i**5/20 + i**4/3 + i**3/6 - 4*i. Determine c(d).
-4
Let d = -5 - -7. Let b(q) = q**2 - 4 - d + 0*q**2 - 4*q + 9. What is b(4)?
3
Let y(k) be the second derivative of k**3/3 - 7*k**2/2 - k. Suppose 3*r - 2*n - 17 = 0, -3*r + 2*n - 6*n + 11 = 0. Give y(r).
3
Let d be 0/((5 - 3)*-1). Let m be (-2)/(-1 + 3)*d. Let f(k) = k**3 + k + 1. Give f(m).
1
Suppose 3*x + 19 = -3*g - 2*x, 4*g - 5*x = -37. Let s(h) = h**2 + 8*h - 8. Calculate s(g).
-8
Let a(c) = c**2 - 1. Suppose -4*i = i + g - 23, -4*i - g + 18 = 0. Suppose 0 = 10*m - i*m + 10. Determine a(m).
3
Let i(o) = -o + 1. Let a(v) = -3*v + 2. Let d(x) = 3*a(x) - 7*i(x). What is d(-2)?
3
Let a(d) = 4*d - 1. Let g be a(3). Suppose 2 - g = 3*f. Let n(w) = w**3 + 3*w**2 + 3*w + 3. What is n(f)?
-6
Let m(p) be the first derivative of -p**4/4 + p**3 + p**2 - 6*p + 28. Calculate m(4).
-14
Let h(p) = p**2 - 6*p + 2. Let t be -1 + 2*11/(-2). Let f be (10/8)/((-3)/t). Let l be -8*(2 - f/2). What is h(l)?
-6
Let l = -2 + 0. Let o be l - -1 - (-12)/3. Let z(a) = a**3 - 5*a**2 - a + 1. Let b(m) = -3*m**3 + 14*m**2 + 4*m - 3. Let g(u) = 3*b(u) + 8*z(u). What is g(o)?
2
Let o = 120 + -123. Let s(g) be the third derivative of -g**6/120 - g**5/15 - g**4/6 - g**3/6 - g**2. Give s(o).
2
Let i(c) = c**2 - 5*c + 3. Suppose 2*w - 24 = -5*h, 0*h = -4*h - 2*w + 20. Determine i(h).
-1
Suppose 45 = 5*d - 5*q, 4*d = 2*q - 12 + 38. Let g(w) = 2*w**2 - 2*w - 3. Let f(a) = -a**2 - 2*a - 1. Let h(k) = f(k) + g(k). Determine h(d).
-4
Let c(h) be the third derivative of h**4/8 - h**3/2 + h**2. Let o = 116 + -119. Give c(o).
-12
Let i(w) = w**3 - 15*w**2 + 14*w + 6. Let k be i(14). Let c(b) = -b**3 + 5*b**2 + 8*b - 4. What is c(k)?
8
Let h(g) be the third derivative of -g**4/12 - g**3/2 - 11*g**2. Give h(4).
-11
Let s be 3/((9/(-6))/(-1)). Suppose -14 = 2*c + s*l, -4*l = -4*c + l + 8. Let m be 1 + (-3 - c/1). Let o(r) = 6*r**2 - r + 1. Give o(m).
6
Let o(w) be the third derivative of 1/24*w**4 - 1/2*w**3 + 2*w**2 + 0 + 0*w. Let g be (-2)/(-7) + (-38)/(-14). Give o(g).
0
Let c(x) be the first derivative of 2*x**4 + x**3/3 - x**2 + x - 1. Let u be (-4)/(-6) + 17/51. Determine c(u).
8
Let u(r) be the third derivative of r**6/120 + 7*r**5/60 + 5*r**4/24 - r**3 - 2*r**2. What is u(-6)?
0
Let x(n) be the second derivative of -n**3/6 + n**2/2 + 10*n. Calculate x(-2).
3
Let x(t) = -t**3 + 3*t**2 + 3*t + 4. Let s(u) = -10*u**2 - 2*u + 5. Let i(j) = 15*j**2 + 3*j - 8. Let y(m) = -5*i(m) - 8*s(m). Let v be y(-1). Calculate x(v).
0
Let f(l) = -l**2 - 11*l - 4. Let v be f(-10). Let r be 15/5*8/v. Let u(w) = -4*w**2 + w**3 + 4*w - 10*w + 5 + w**2 + 0*w**2. What is u(r)?
-3
Let l(p) = -p. Let x(a) = 2*a - 1. Let o(n) = -4*l(n) + x(n). Let k(d) = -2 + 3*d - 2*d - 2*d. Let h be k(-3). Determine o(h).
5
Let l(s) = s**3 + 3. Let k be l(0). Let i(j) = -j**3 + 1. Let a be i(1). Let f(b) = 0*b - 5 + 6 + b + a*b. Determine f(k).
4
Let n(c) = c**3 - c**2 + 1. Let m(i) = 7*i**3 - 8*i**2 - 3*i + 9. Let l(b) = m(b) - 6*n(b). Give l(3).
3
Let g(u) be the third derivative of 3*u**2 + 0*u + 0 - 1/8*u**4 + 0*u**3. Let s(d) = d**3 + 4*d**2 - 4*d + 7. Let m be s(-5). Calculate g(m).
-6
Let i(f) be the first derivative of 2*f**3/3 - f**2/2 + 10. Let m be 8/(-12)*(-3)/(-2). Give i(m).
3
Let v be (-12)/20 - 3/(-5). Suppose -g + 3*m - 7 = 0, m + v - 4 = 0. Let f(o) = -o + 3. Calculate f(g).
-2
Let r(b) = -b**2 + 11*b - 13. Let d be r(9). Let t(o) be the third derivative of o**6/120 - o**5/10 + o**4/8 + 2*o**2. Determine t(d).
-10
Let z(d) = d